{"id":18,"date":"2023-10-16T09:06:00","date_gmt":"2023-10-16T09:06:00","guid":{"rendered":"https:\/\/stadtpokal-buxtehude.de\/?page_id=18"},"modified":"2023-10-22T06:19:53","modified_gmt":"2023-10-22T06:19:53","slug":"impressum","status":"publish","type":"page","link":"https:\/\/stadtpokal-buxtehude.de\/?page_id=18","title":{"rendered":"Impressum"},"content":{"rendered":"<div class=\"content-wrapper\">\n<div class=\"cd-content cd-light\">\n<div id=\"section_1000015\" class=\"cd-section\">\n<div class=\"cd-section-content\">\n<div class=\"cd-row\">\n<div class=\"cd-col m12\">\n<div id=\"block_1000063\" class=\"cd-block\" data-block-type=\"0\">\n<div id=\"block_1000063_content\" class=\"cd-block-content\">\n<p>Verantwortlich f\u00fcr den Inhalt:<\/p>\n<p>BUXTEHUDER TENNIS-CLUB \u201cROT-WEISS\u201d VON 1948 e.V.<br \/>\nvertreten durch den Vorstand<\/p>\n<p>An der Rennbahn 2<br \/>\n21614 Buxtehude<br \/>\nTelefon:04161-81323<\/p>\n<p>E-Mail: <a href=\"mailto:info@buxtehuder-tennisclub.de\">info@buxtehuder-tennisclub.de<\/a><br \/>\nWebmaster: <a href=\"mailto:webmaster@buxtehuder-tennisclub.de\">webmaster@buxtehuder-tennisclub.de<\/a><\/p>\n<p>Vereinsregister-Nummer: 120011 (Amtsgericht Tostedt)<\/p>\n<p>&nbsp;<\/p>\n<p>\u201cGem\u00e4\u00df \u00a7 5 Abs.1 TDG sind wir ausschlie\u00dflich nur f\u00fcr die eigenen Inhalte verantwortlich. F\u00fcr Links auf fremde Inhalte dritter Anbieter sind wir gem\u00e4\u00df \u00a7 5 Abs.2 TDG nur verantwortlich, wenn wir von einem rechtswidrigen oder strafbaren Gehalt positive Kenntnis haben und es technisch m\u00f6glich und zumutbar ist, deren Nutzung zu verhindern.<\/p>\n<p>Auch sind wir nicht verpflichtet, in periodischen Abst\u00e4nden den Inhalt von Angeboten Dritter auf deren Rechtswidrigkeit oder Strafbarkeit zu \u00fcberpr\u00fcfen. Sobald wir von dem rechtswidrigen Inhalt der Web-Seiten Dritter erfahren, wird der entsprechende Link von unserer Seite entfernt. Weiterhin m\u00f6chten wir ausdr\u00fccklich betonen, dass wir keinerlei Einfluss auf die Gestaltung und die Inhalte der gelinkten Seiten haben. Deshalb distanzieren wir uns hiermit ausdr\u00fccklich von allen Inhalten aller gelinkten Seiten auf der gesamten Website inkl. aller Unterseiten. Diese Erkl\u00e4rung gilt f\u00fcr alle auf der Homepage ausgebrachten Links und f\u00fcr alle Inhalte der Seiten, zu denen Links oder Banner f\u00fchren. Sollten Inhalte dieser Internetangebote gegen geltendes Urheberrecht oder das Markengesetz versto\u00dfen, werden diese auf Hinweis schnellstm\u00f6glich entfernt.\u201d<\/p>\n<\/div>\n<\/div>\n<\/div>\n<\/div>\n<\/div>\n<\/div>\n<\/div>\n<\/div>\n<footer>\n<div class=\"cd-footer \">\n<div id=\"section_1000018\" class=\"cd-section cd-light\">\n<div class=\"cd-section-content\">\n<div class=\"cd-row\">\n<div class=\"cd-col m4\">\n<div id=\"block_1000070\" class=\"cd-block\" data-block-type=\"0\">\n<div id=\"block_1000070_content\" class=\"cd-block-content\">\n<p><strong>Kontakt<\/strong><\/p>\n<p>BTC &#8222;Rot-Weiss&#8220; von 1948 e.V.<br data-rich-text-line-break=\"true\">Clubhaus<br data-rich-text-line-break=\"true\">An der Rennbahn 2<br data-rich-text-line-break=\"true\">21614 Buxtehude<br data-rich-text-line-break=\"true\">Tel.: 04161 81323<br data-rich-text-line-break=\"true\">E-Mail: <a href=\"mailto:info@buxtehuder-tennisclub.de\">info@buxtehuder-tennisclub.de<\/a><\/p>\n<\/div>\n<\/div>\n<\/div>\n<div class=\"cd-col m4\">\n<div id=\"block_1000071\" class=\"cd-block\" data-block-type=\"0\">\n<div id=\"block_1000071_content\" class=\"cd-block-content\">\n<p><strong>Gastronomie<\/strong><\/p>\n<p>Gastronomie &amp; Catering BTC<br data-rich-text-line-break=\"true\">Inhaber: Marino Vukovi\u0107<br data-rich-text-line-break=\"true\">An der Rennbahn 2<br data-rich-text-line-break=\"true\">21614 Buxtehude<br \/>\nTel.: 04161 81323<\/p>\n<p>Reservierungsanfragen:<br \/>\nE-Mail: <a href=\"mailto:info@marinovukovic.de\">info@marinovukovic.de<br \/>\n<\/a>Tel: 0151 649 665 43<\/p>\n<\/div>\n<\/div>\n<\/div>\n<\/div>\n<\/div>\n<\/div>\n<\/div>\n<\/footer>\n","protected":false},"excerpt":{"rendered":"<p>Verantwortlich f\u00fcr den Inhalt: BUXTEHUDER TENNIS-CLUB \u201cROT-WEISS\u201d VON 1948 e.V. vertreten durch den Vorstand An der Rennbahn 2 21614 Buxtehude Telefon:04161-81323 E-Mail: info@buxtehuder-tennisclub.de Webmaster: webmaster@buxtehuder-tennisclub.de Vereinsregister-Nummer: 120011 (Amtsgericht Tostedt) &nbsp; \u201cGem\u00e4\u00df \u00a7 5 Abs.1 TDG sind wir ausschlie\u00dflich nur f\u00fcr die eigenen Inhalte verantwortlich. F\u00fcr Links auf fremde Inhalte dritter\u2026<\/p>\n<p> <a class=\"continue-reading-link\" href=\"https:\/\/stadtpokal-buxtehude.de\/?page_id=18\"><span>Continue reading<\/span><i class=\"crycon-right-dir\"><\/i><\/a> <\/p>\n","protected":false},"author":2,"featured_media":0,"parent":0,"menu_order":0,"comment_status":"closed","ping_status":"closed","template":"","meta":{"ngg_post_thumbnail":0,"footnotes":""},"class_list":["post-18","page","type-page","status-publish","hentry"],"_links":{"self":[{"href":"https:\/\/stadtpokal-buxtehude.de\/index.php?rest_route=\/wp\/v2\/pages\/18","targetHints":{"allow":["GET"]}}],"collection":[{"href":"https:\/\/stadtpokal-buxtehude.de\/index.php?rest_route=\/wp\/v2\/pages"}],"about":[{"href":"https:\/\/stadtpokal-buxtehude.de\/index.php?rest_route=\/wp\/v2\/types\/page"}],"author":[{"embeddable":true,"href":"https:\/\/stadtpokal-buxtehude.de\/index.php?rest_route=\/wp\/v2\/users\/2"}],"replies":[{"embeddable":true,"href":"https:\/\/stadtpokal-buxtehude.de\/index.php?rest_route=%2Fwp%2Fv2%2Fcomments&post=18"}],"version-history":[{"count":4,"href":"https:\/\/stadtpokal-buxtehude.de\/index.php?rest_route=\/wp\/v2\/pages\/18\/revisions"}],"predecessor-version":[{"id":282,"href":"https:\/\/stadtpokal-buxtehude.de\/index.php?rest_route=\/wp\/v2\/pages\/18\/revisions\/282"}],"wp:attachment":[{"href":"https:\/\/stadtpokal-buxtehude.de\/index.php?rest_route=%2Fwp%2Fv2%2Fmedia&parent=18"}],"curies":[{"name":"wp","href":"https:\/\/api.w.org\/{rel}","templated":true}]}}